-13). What is the greatest common divisor of o and t?
55
Suppose 5*s - 2*h + 5 + 15 = 0, 26 = -s - 4*h. Let w(l) = -l**3 - 5*l**2 - 7*l - 23. Let m be w(s). Calculate the highest common divisor of m and 495.
55
Let q be (284 - (0 - 2)) + (-2)/2. Let m = q + -253. Calculate the greatest common divisor of 24 and m.
8
Suppose 138*s = 140*s - 6*f - 1628, -4*f + 3352 = 4*s. Calculate the highest common divisor of s and 1586.
26
Let m = 877 - 923. Let j = 171 + -111. Let q = m + j. Calculate the greatest common factor of q and 2.
2
Let p(y) = 4*y**2 - 169*y - 1302. Let g be p(-8). Suppose -3*s = h - 58, -5*h + 12 + 8 = 0. What is the highest common factor of g and s?
18
Suppose t + 0*t + 0*t - 40 = 0. Calculate the highest common factor of 248 and t.
8
Let f be ((-1116)/7 - 36/(-84))*(-156)/117. What is the greatest common divisor of f and 17596?
212
Let u be ((21/4)/3)/((-30)/(-2400)). Let d be u/30*(-12)/(-14). Suppose 5*x = 2*h + 1, 5*h = 3*x + 2*x + 5. What is the greatest common divisor of d and x?
1
Suppose -3*m + 5*m = 32. Let b(u) = -44*u + 3741. Let x be b(85). What is the highest common factor of x and m?
1
Suppose 88 = 6*v - 2*v. Suppose 3*j = -7*a + 10*a - 576, -a + 5*j + 212 = 0. What is the highest common divisor of v and a?
11
Let j = -147 + 281. Let y = j + -108. What is the greatest common factor of y and 286?
26
Suppose -5*s + 109 + 11 = 0. Let d(a) = 2*a**2 - 19*a - 27. Let w be d(11). What is the greatest common divisor of w and s?
6
Suppose -98*t - 21 - 169 = -108*t. What is the highest common factor of t and 15941?
19
Suppose -4*n = -9*n + 3*u + 1173, 0 = 5*n - u - 1171. Suppose 4*r = 2*y + 76, -4*r - 4*y + 50 = -14. Calculate the greatest common factor of n and r.
18
Let x(o) = -3*o - 20. Let h = -18 - -40. Suppose -h = 3*v - v. Let t be x(v). Calculate the greatest common factor of 117 and t.
13
Let j = -24148 + 24151. What is the highest common divisor of j and 1929?
3
Let q = 30 - -30. Let y be q/(-750) + (-402)/(-25). Calculate the greatest common factor of y and 64.
16
Suppose -z = -5*a - 10, 4*a + 8 = z - 6. Let c(t) = -t**3 + 9*t**2 + 12*t + 5. Let n be c(10). Let q = n + -15. Calculate the greatest common factor of q and z.
10
Let v = -108 + 73. Let m = v + 85. Let j = -42 + m. What is the greatest common divisor of j and 72?
8
Let o(c) = 121*c - 132. Let j = -832 - -835. Let r be o(j). What is the greatest common divisor of r and 84?
21
Let j = -10005 - -16900. Calculate the highest common divisor of j and 35.
35
Let l(q) = 1459*q - 11759. Let t be l(9). What is the highest common divisor of t and 4900?
196
Suppose -39*b = -b + 820 - 6178. Calculate the highest common factor of b and 47.
47
Let w(r) = r**2 + 6*r - 8. Let a be w(3). Let u = 170 - 166. Let p be -4 - (4 + -6 + u - 7). Calculate the highest common divisor of p and a.
1
Let c(l) = 58*l**3 - l**2 + l - 1. Let a = 2 - 1. Let o be c(a). Let r be 14 + 39/7 + (-48)/84. Calculate the greatest common divisor of o and r.
19
Let b be (24/20)/((-59)/(-150) - (-5)/(-15)). Let n be 90*4/2 + 0. Calculate the greatest common divisor of b and n.
20
Let l = 95 + -93. Suppose 21 = -l*x + 25. Suppose 3*w + x*r = 17, -2*r = -w - r + 9. What is the greatest common divisor of 56 and w?
7
Let b = -40 + 40. Let q be (-34)/4*3*-4 - b. What is the greatest common divisor of q and 68?
34
Suppose -42*z + 41*z + 37*z - 70992 = 0. Calculate the highest common factor of 884 and z.
68
Let y = 41 - 36. Suppose -59 = y*o - 109. Let g = -3 + 8. Calculate the greatest common divisor of o and g.
5
Let a be (5/(30/392))/(310/1860). Calculate the highest common divisor of a and 14308.
196
Suppose 23 + 105 = 4*j. Let l = -880 - -880. Suppose l = 5*q - 89 - 311. Calculate the greatest common divisor of j and q.
16
Let n = -7264 + 7320. What is the highest common factor of 6056 and n?
8
Let o = -14171 + 14591. What is the highest common factor of 2700 and o?
60
Suppose 0 = -5*x - 3*g + 81 - 41, 40 = 5*x + 5*g. Let s be 597 - -9 - (x + -2). Calculate the greatest common factor of s and 24.
24
Suppose -s = -4*x + 144 + 21, -5*x + 4*s = -220. Suppose k + x = 6*k. Let w = -7 + k. What is the greatest common divisor of 5 and w?
1
Suppose -12*i + 38139 - 639 = 0. Calculate the highest common factor of 5 and i.
5
Let a(o) = -o**3 + 36*o**2 - o + 67. Let l be a(36). Let n(w) = 13*w - 1. Let b be n(3). Let t = b - l. Calculate the greatest common divisor of 1 and t.
1
Let v be (-4)/(-14) - (-289)/(-7). Let l = v - -41. Suppose 4*k + t = 51, 3*k + k - 5*t - 33 = l. What is the highest common divisor of k and 3?
3
Suppose 0 = -55*h + 108*h - 540918. Calculate the greatest common factor of h and 28.
14
Suppose 17*i = 3*i + 14. Let h = 30 + 7. What is the greatest common divisor of i and h?
1
Let r(b) = 16*b**2 + 66*b - 128. Let g be r(2). Let s(w) = w**3 - 2*w**2 - w + 15. Let p be s(5). What is the greatest common divisor of g and p?
17
Let b(x) = -x**3 - 11*x**2 + 2*x + 258. Let j be b(-7). Let s be 3 - (0 + -1 + 1). Suppose 99 = s*c - j. What is the highest common divisor of 343 and c?
49
Let g be (-2)/3 + (25/15 - -2). Suppose 8*y = g*y + 1550. What is the greatest common factor of 124 and y?
62
Let u = -7 + 19. Suppose u = 2*q - 14. Suppose 5*p + 74 = j + 7, 43 = j + 3*p. What is the highest common divisor of q and j?
13
Let a be -13*(-6)/((-18)/(-147)). Let y(h) = -89*h - 2034. Let l be y(-23). Calculate the highest common divisor of a and l.
13
Let l = -415 + 431. Calculate the greatest common factor of l and 656.
16
Let j be 500/24 + 38/12 + -3. Let i be 737/55 - (-2 + j/15). Suppose -i*l = -13*l - 47. What is the greatest common divisor of l and 47?
47
Let p = 141 - 168. Let x be (-236 - -2)*p/18. What is the greatest common factor of x and 54?
27
Suppose -255*h = -8834 - 93931. What is the highest common divisor of h and 527?
31
Let d = 16579 + 17429. Calculate the highest common divisor of 8 and d.
8
Suppose 20 = 62*c - 58*c. Suppose -60 = -c*t - 5*g, -2 = -6*g + 5*g. What is the highest common divisor of 170 and t?
10
Let l be (-2)/(-1) - (4277/(-7) - 9). Let m be l/13 + (-24)/(-156). What is the greatest common factor of m and 108?
12
Let z(r) be the first derivative of -5*r**2/2 + 113*r + 119. Let j be z(21). Calculate the greatest common divisor of 328 and j.
8
Let j(q) = 17*q + 182. Let w be j(2). Calculate the greatest common factor of 54 and w.
54
Suppose 7*r - 632 = -1094. Let o be (-19476)/r - 3/(-165)*-5. Calculate the highest common factor of 118 and o.
59
Let s(q) = -108*q + 554. Let a be s(-7). Calculate the greatest common divisor of a and 30.
10
Let q = -170 - 18. Let m be (q - 1)*(1 - 2). Let r(k) = -23495*k - 70458. Let j be r(-3). Calculate the greatest common factor of j and m.
27
Suppose -11*h + 6*h + 5*o + 240 = 0, 0 = -o + 1. Let f = 116 + -69. Let n = h - f. Calculate the highest common divisor of n and 1.
1
Let r(n) = 2*n**3 - 8*n**2 + 7*n - 16. Let x be r(4). Suppose 0 = -4*i - i + 1920. What is the greatest common factor of i and x?
12
Let o be (22/30 - 4/10)*-3*-1562. What is the highest common factor of 110 and o?
22
Let g = -6837 - -14780. Calculate the greatest common divisor of 47 and g.
47
Suppose 4*m + 15 = 11. Let u be 1 + (-2 - -10 - 3/m). Suppose u*l = 15*l - 540. What is the greatest common factor of l and 20?
20
Suppose g + 102964 = w + 4*w, w + 4*g - 20576 = 0. What is the highest common factor of 104 and w?
104
Let w(s) = -s**3 - 18*s**2 - 5*s - 27. Let t be w(-18). Calculate the highest common factor of 1407 and t.
21
Suppose 75*b = -4*b + 14*b + 7150. Calculate the highest common divisor of b and 1045.
55
Let v = 11447 + -11418. Calculate the greatest common factor of v and 12615.
29
Suppose -5*b = -58 - 47. Suppose 0 = g + h - 234, -4*g = g - h - 1152. What is the highest common factor of b and g?
21
Suppose -553 - 231 = -8*i. Suppose -364 = -3*o - 2*v + i, -o = -v - 154. What is the greatest common divisor of 88 and o?
22
Suppose 738*c = 710*c + 6020. What is the greatest common divisor of c and 27735?
215
Let g be ((-4)/32*-4)/(10/60). Suppose -g*k - v = -192, 3*k - 8*k = -v - 312. Calculate the highest common factor of k and 336.
21
Let i(g) = -82*g + 14. Let r be i(-38). Suppose 22*n - 742 - r = 0. What is the greatest common divisor of 16 and n?